ctors of 58512407.
31, 60887
List the prime factors of 340534089.
3, 7, 17, 317959
What are the prime factors of 141216894?
2, 3, 7, 13, 73, 1181
List the prime factors of 69928570.
2, 5, 29, 59, 61, 67
What are the prime factors of 601314528?
2, 3, 37, 41, 4129
What are the prime factors of 1787995294?
2, 893997647
List the prime factors of 1777429863.
3, 11, 1632167
List the prime factors of 36623154.
2, 3, 6103859
List the prime factors of 76001944.
2, 937, 10139
What are the prime factors of 369088811?
7, 13, 439, 9239
What are the prime factors of 1591204796?
2, 53, 199, 37717
What are the prime factors of 1052306376?
2, 3, 11, 3986009
List the prime factors of 287142186.
2, 3, 47857031
List the prime factors of 168291104.
2, 643, 8179
List the prime factors of 233186099.
37, 6302327
What are the prime factors of 117085024?
2, 7, 283, 1847
List the prime factors of 27649690.
2, 5, 163, 16963
What are the prime factors of 186577597?
499, 373903
What are the prime factors of 1050122256?
2, 3, 1619, 13513
List the prime factors of 11541696.
2, 3, 47, 1279
List the prime factors of 65651670.
2, 3, 5, 7, 14887
What are the prime factors of 36785060?
2, 5, 13, 141481
List the prime factors of 185288601.
3, 503, 122789
What are the prime factors of 459394?
2, 13, 17669
List the prime factors of 90535875.
3, 5, 241429
List the prime factors of 226686889.
11, 13, 1091, 1453
What are the prime factors of 74838354?
2, 3, 223, 55933
List the prime factors of 102408921.
3, 797, 4759
What are the prime factors of 710071818?
2, 3, 397, 298099
List the prime factors of 1301488144.
2, 11, 19, 131, 2971
List the prime factors of 618783186.
2, 3, 7, 73, 201821
List the prime factors of 1287851890.
2, 5, 13, 67, 147859
What are the prime factors of 2798522?
2, 1399261
What are the prime factors of 31791378?
2, 3, 5298563
List the prime factors of 23617178.
2, 13, 908353
List the prime factors of 119238509.
13, 19, 23, 139, 151
List the prime factors of 131562218.
2, 17, 53, 73009
List the prime factors of 2233791705.
3, 5, 71, 541, 3877
List the prime factors of 337901549.
83, 1697, 2399
List the prime factors of 440673720.
2, 3, 5, 3672281
What are the prime factors of 151739743?
151739743
What are the prime factors of 676417222?
2, 13, 1117, 23291
List the prime factors of 27039350.
2, 5, 13, 17, 2447
What are the prime factors of 99507248?
2, 6219203
What are the prime factors of 53460310?
2, 5, 41, 101, 1291
List the prime factors of 2084454345.
3, 5, 138963623
What are the prime factors of 31145944?
2, 3893243
What are the prime factors of 869675412?
2, 3, 197, 367883
What are the prime factors of 43298140?
2, 5, 37, 58511
List the prime factors of 1158778816.
2, 13, 1392763
List the prime factors of 33726457.
33726457
List the prime factors of 1095180888.
2, 3, 811, 56267
List the prime factors of 63252153.
3, 7028017
What are the prime factors of 108082372?
2, 461, 58613
What are the prime factors of 81628926?
2, 3, 13604821
List the prime factors of 271239093.
3, 809, 37253
List the prime factors of 32385781.
32385781
What are the prime factors of 35570583?
3, 146381
What are the prime factors of 542918237?
283, 1918439
List the prime factors of 239992507.
4937, 48611
List the prime factors of 1156733273.
23, 229, 219619
What are the prime factors of 444072754?
2, 1499, 148123
What are the prime factors of 49159049?
49159049
What are the prime factors of 101519763?
3, 33839921
List the prime factors of 13316079.
3, 7, 167, 3797
What are the prime factors of 2053797234?
2, 3, 17, 20135267
List the prime factors of 109058986.
2, 54529493
What are the prime factors of 60489180?
2, 3, 5, 37339
What are the prime factors of 16752545?
5, 257, 13037
List the prime factors of 113958092.
2, 89, 320107
List the prime factors of 18148239.
3, 71, 9467
List the prime factors of 6022958088.
2, 3, 7, 331, 15473
What are the prime factors of 31133644?
2, 7783411
What are the prime factors of 24410909?
24410909
What are the prime factors of 857371269?
3, 285790423
What are the prime factors of 369633731?
103, 3588677
List the prime factors of 23183467.
23183467
What are the prime factors of 146795705?
5, 7, 1307, 3209
List the prime factors of 98366847.
3, 32788949
List the prime factors of 2200595217.
3, 397, 1847687
List the prime factors of 69657532.
2, 7, 37, 71, 947
What are the prime factors of 371975474?
2, 13, 251, 56999
What are the prime factors of 65021892?
2, 3, 13, 67, 6221
List the prime factors of 1702373835.
3, 5, 31, 3661019
List the prime factors of 119093063.
119093063
List the prime factors of 377103041.
7, 5711, 9433
List the prime factors of 122922517.
122922517
What are the prime factors of 553959356?
2, 138489839
What are the prime factors of 1953881597?
24683, 79159
What are the prime factors of 266992544?
2, 7, 13, 277, 331
List the prime factors of 251374651.
11, 823, 27767
What are the prime factors of 111857555?
5, 22371511
List the prime factors of 48467996.
2, 1049, 11551
What are the prime factors of 31078175?
5, 23, 54049
What are the prime factors of 118975077?
3, 13, 1016881
What are the prime factors of 824568995?
5, 331, 601, 829
What are the prime factors of 587578642?
2, 7, 41969903
List the prime factors of 67164853.
7, 23, 417173
List the prime factors of 34201520.
2, 5, 19, 22501
What are the prime factors of 205551061?
271, 758491
What are the prime factors of 2383718947?
257, 9275171
List the prime factors of 1154682988.
2, 288670747
What are the prime factors of 748977413?
257, 2914309
What are the prime factors of 37817071?
37, 1022083
List the prime factors of 1982244933.
3, 1031, 71209
List the prime factors of 409916775.
3, 5, 587, 9311
List the prime factors of 2162386524.
2, 3, 31, 5812867
List the prime factors of 82490475.
3, 5, 199, 5527
What are the prime factors of 17047840?
2, 5, 47, 2267
List the prime factors of 276221749.
31, 8910379
What are the prime factors of 3925021354?
2, 1962510677
List the prime factors of 102767504.
2, 7, 19, 6899
What are the prime factors of 127984123?
127, 1007749
What are the prime factors of 8317614970?
2, 5, 7, 739, 160789
What are the prime factors of 109412146?
2, 19, 47, 61261
List the prime factors of 182160705.
3, 5, 593, 20479
List the prime factors of 1167308791.
11, 17, 167, 37379
List the prime factors of 1902964817.
13, 19, 7704311
List the prime factors of 375942874.
2, 163, 1153199
What are the prime factors of 3371819247?
3, 1999, 187417
What are the prime factors of 1250674842?
2, 3, 208445807
List the prime factors of 112932968.
2, 1847, 7643
What are the prime factors of 1374626454?
2, 3, 2749, 83341
What are the prime factors of 89957141?
1583, 56827
List the prime factors of 1354769145.
3, 5, 67, 49927
List the prime factors of 451250323.
19, 23750017
What are the prime factors of 1115065297?
107, 1217, 8563
What are the prime factors of 6340792163?
67, 1907, 49627
What are the prime factors of 4387552375?
5, 139, 373, 677
What are the prime factors of 358524481?
7, 227, 225629
List the prime factors of 20488026.
2, 3, 13, 17, 15451
What are the prime factors of 33011457?
3, 241, 45659
What are the prime factors of 643240441?
17, 191, 397, 499
What are the prime factors of 209586208?
2, 13, 157, 3209
List the prime factors of 16092377.
7, 41, 47, 1193
List the prime factors of 9594567.
3, 1066063
What are the prime factors of 1912434210?
2, 3, 5, 17, 179, 6983
What are the prime factors of 42200350?
2, 5, 37, 22811
What are the prime factors of 13220170?
2, 5, 23, 229, 251
List the prime factors of 87718416.
2, 3, 37, 49391
What are the prime factors of 47035123?
47035123
What are the prime factors of 92469333?
3, 11, 19, 139, 1061
List the prime factors of 127629930.
2, 3, 5, 83, 51257
List the prime factors of 31292068.
2, 7823017
What are the prime factors of 1831432975?
5, 73257319
List the prime factors of 2350901157.
3, 11, 5113, 13933
List the prime factors of 1995102326.
2, 7, 2777, 7331
List the prime factors of 18103941.
3, 19, 105871
What are the prime factors of 2616737779?
19, 73, 967, 1951
List the prime factors of 1823134961.
17, 107243233
What are the prime factors of 1275882814?
2, 509, 1253323
List the prime factors of 588641607.
3, 337